5 = 5*o - 14425, -2*z = -4*o + 10248. What are the prime factors of o?
2, 3, 7, 61
Let l = -209 - -432. List the prime factors of l.
223
Suppose 5*b = -6*w + w - 75, b - 2*w = 0. Let c(z) = z**2 + 9*z - 8. Let k be c(b). Suppose k*a = -a + 30. What are the prime factors of a?
2, 5
Suppose 0 = -3*v - 8*v + 781. Suppose -64*t = -v*t + 203. What are the prime factors of t?
29
List the prime factors of -9 - (-8 + 1 + -581).
3, 193
Suppose 0*b = 3*b - 5*m - 320, 0 = -5*b + 3*m + 560. Suppose -b = -10*v + 5*v. Suppose -4*p - 2*j + 26 = -84, 0 = -p + j + v. List the prime factors of p.
2, 13
Let s(n) = n**2 - 7*n + 4. Let x be s(5). Let q = 24 + x. What are the prime factors of q?
2, 3
Suppose 3*g = -3*n + 12, 5*n - 2 + 7 = 0. Let b(d) = d**3 - 4*d**2 - 4*d - 5. Let w be b(g). Suppose -4 = m, w*t - 5*m - 4 = 2*t. List the prime factors of t.
2
Let a = 194 + -124. Let p = a - 59. What are the prime factors of p?
11
Let y(n) = 7*n**2 - 66*n + 27. List the prime factors of y(15).
2, 3, 17
Let x be 2/(2/1)*-14. Let c = 38 + x. Suppose 4*p - 4*s - c = 0, 0 = -2*p + s - 6*s + 26. List the prime factors of p.
2
Suppose 2*k - 8*y - 141 = -3*y, 4*y + 4 = 0. Suppose 5*i = -p + 64, k = i + 4*i - 3*p. What are the prime factors of i?
13
Let v(m) = 7*m - 19. Let k be v(14). Let q = 80 + k. Suppose -9*t + q = -6*t. List the prime factors of t.
53
Let v = 1069 + 119. What are the prime factors of v?
2, 3, 11
Let j(b) = 56*b + 533. What are the prime factors of j(10)?
1093
Suppose 0 = 5*v - 5 - 5. Suppose 6*h = v*h + 408. What are the prime factors of h?
2, 3, 17
Suppose 3*y = 5 + 52. Let g be (3 - 3 - -3) + y. Let w = g - 8. What are the prime factors of w?
2, 7
Suppose -6*g = -3650 - 2032. List the prime factors of g.
947
Suppose 4*x = 3*c + 26, -2*c = 7*x - 4*x - 11. Suppose 4*d - d = u + 28, -u = x*d + 60. What are the prime factors of -3 - (u + -2)/3?
11
Suppose 95*q - 91*q = 3472. What are the prime factors of q?
2, 7, 31
Let y(b) = -2*b - 18. Let a be y(-10). Suppose -4*h + 468 = a*h. List the prime factors of h.
2, 3, 13
Let z = 14 + -11. Suppose 3*f = z + 12. Suppose -68 = -2*m + n, m + 128 = f*m - 4*n. List the prime factors of m.
2, 3
Let a(y) = 1. Let p(h) = -h**2 + 9*h + 6. Let j(l) = 2*a(l) - p(l). Let k be j(9). What are the prime factors of (-2)/((-24)/(-33))*k?
11
Suppose 0 = 3*r, 4*r + 4770 = 3*q - 0*r. List the prime factors of q.
2, 3, 5, 53
Suppose -6*i + i = -0*i. Suppose i = -2*h + 145 - 43. List the prime factors of h.
3, 17
Let d(o) = 4*o + 4. Let i be d(2). What are the prime factors of i + 9/((-9)/(-2))?
2, 7
Let z = -6 + 6. Suppose z = -l + 2*l - 3. Suppose l*j + j - 52 = -2*v, -52 = -4*j - v. What are the prime factors of j?
13
Suppose 0 = r + 4*b - 3*b - 3, 2*r - 1 = -b. Let i be 0 + (0 - 2)/r. Suppose p - 17 = i. List the prime factors of p.
2, 3
Suppose 3*h - 6*h = -15. Suppose 15 = h*x, 0 = -4*q + 3*x + 925 - 102. List the prime factors of q.
2, 13
Suppose 2*p - 1936 = -3*p - 4*n, -780 = -2*p + 4*n. List the prime factors of p.
2, 97
Let v(w) = 9*w + 27. Let u = 55 - 48. What are the prime factors of v(u)?
2, 3, 5
Let t(s) = 81*s + 3. Let m(b) = 163*b + 8. Let c(a) = -3*m(a) + 5*t(a). What are the prime factors of c(-2)?
3, 53
Suppose -6 = 37*c - 38*c. List the prime factors of (-25 - c)/((-3)/6).
2, 31
Suppose -272*q = -268*q - 2744. What are the prime factors of q?
2, 7
Let g = 29 + -23. Suppose -s - 155 = -g*s. What are the prime factors of s?
31
Let w(z) be the first derivative of -1/3*z**3 - 7/2*z**2 - 3 + 9*z. What are the prime factors of w(-7)?
3
Let d(q) = q**2 - 3*q - 10. Let v be d(5). Suppose v = -5*a - 15, 2*b + 0*b + 3*a = -9. List the prime factors of b + (-2)/(-1) - -6.
2
Suppose 3*h - 2*x + 1498 = 5*h, -3*x = 9. Suppose -6*w - 110 + h = 0. List the prime factors of w.
107
Let y be (-35 + 35)/(1 + -1 - 1). Suppose -5*l = -4*g + 656, 3*g + y*g - 2*l - 499 = 0. List the prime factors of g.
13
Let h = 61 + -6. List the prime factors of h.
5, 11
Suppose 0 = -4*g - 43 - 17. What are the prime factors of 526/10 + (-6)/g?
53
Suppose 5 = -s, 0 = f - 5*s + 14 + 1. What are the prime factors of (464/f)/(2/(-10))?
2, 29
Suppose 4*c - w - 23350 = 0, 0 = -13*c + 8*c + 2*w + 29189. List the prime factors of c.
13, 449
Let w = 912 + -383. What are the prime factors of w?
23
Let v be (-12)/(-5)*20/(-6). Let a = v - -15. Suppose 0 = -4*x + 5*d + 11, -3*d - 20 = -4*x - a*d. List the prime factors of x.
2
Let u be (1/2)/(1/4). Let m = -1044 + 1044. Suppose -4*g + u*d = -126 - 96, m = 4*d + 12. What are the prime factors of g?
2, 3
Let d = -2 + 3. Suppose x - d = -2. What are the prime factors of 0 - (5*-4 - x)?
19
Let a(w) = 4*w**2 + 4*w + 4. Let p be a(4). Suppose p = -2*t - t. Let q = t + 42. List the prime factors of q.
2, 7
Suppose -6*w - 20 = -8*w. List the prime factors of (-12)/7*-2*35/w.
2, 3
Suppose -12701 = g - 14*g. List the prime factors of g.
977
Let p(k) be the first derivative of k**3/3 + 4*k**2 + 51*k - 13. What are the prime factors of p(-15)?
2, 3, 13
Suppose 0*q + 12 = 4*q. Suppose 0 = -f - 2*f - 21. Let h = q - f. What are the prime factors of h?
2, 5
Let v be (2/(-2) + -2)*(-4 - -5). Suppose 0*t + 24 = 4*t. What are the prime factors of (-28)/v - t/18?
3
Let h = -11 + 13. Suppose -m + h*m - 2 = 0. Suppose m*w - 2 = 26. What are the prime factors of w?
2, 7
Suppose -6*z - 12*i + 5978 = -8*i, 5*z - 4999 = i. List the prime factors of z.
3, 37
Suppose 7*b - 8*b = 1. What are the prime factors of (49 + -10)*b/(-1)?
3, 13
Suppose -3*n - 5696 = -b, -6842 = 4*b - 3*n - 29635. What are the prime factors of b?
41, 139
Suppose -4*n + 11 = 4*k - 73, k = -3*n + 61. Suppose 0 - n = 5*d. Let x = d - -15. What are the prime factors of x?
11
Let q(l) = -l**3 - 4*l**2 + 2*l + 8. Let o be q(-5). Suppose 0 = 29*w - o*w - 42. List the prime factors of w.
7
Let u = 26 + -17. Let a = u + 5. List the prime factors of a.
2, 7
Let w = 14 + -8. Let l(a) = 28*a**2 - 7*a - 5. Let s(i) = -29*i**2 + 8*i + 6. Let t(h) = w*l(h) + 5*s(h). What are the prime factors of t(-1)?
5
Let s be (-4385)/(-20) + (-3 - 15/(-4)). Suppose s = 11*g - 594. List the prime factors of g.
2, 37
Let h = 18 - 15. Let y be (0/2)/(5 - h). Suppose -d + 14 + 27 = y. What are the prime factors of d?
41
Let g(u) = -9*u**2 - 17*u + 7. Let k(o) = 5*o**2 + 8*o - 3. Let y(f) = 4*g(f) + 7*k(f). What are the prime factors of y(-11)?
2, 3
Let c(h) = 2*h**3 - 2*h**2 - 2*h + 3. Let b be c(2). Suppose b*j - 153 = 4*j. What are the prime factors of j?
3, 17
Let h = 42 - 40. Suppose -30 = -4*p + h*k, -p + 2*k + 38 = 4*p. List the prime factors of p.
2
Let l = -335 - -2686. What are the prime factors of l?
2351
Let m be (-294)/(-2) - (-1 + 0). Let s = m - 71. List the prime factors of s.
7, 11
Suppose 2452 = 5*b - 8. List the prime factors of (-3)/(-6) + b/8.
2, 31
Let b = -65 - -166. List the prime factors of b.
101
List the prime factors of ((-3978)/(-15))/(-5*(-12)/800).
2, 13, 17
Let v = 2344 + -519. What are the prime factors of v?
5, 73
List the prime factors of 516/18*(-18)/(-12).
43
Let p(x) = 2*x**2 + 17*x - 2. Let g be p(-10). Suppose -6*k - g + 460 = 0. List the prime factors of k.
2, 3
What are the prime factors of 1143 - (7 - 14 - -9)?
7, 163
Let y(f) = f**2 - 3*f - 4. Let t be -21 + 25 + 2*1. Let q be y(t). Suppose -3*n = 3*l - 114, q + 76 = 2*l - 5*n. What are the prime factors of l?
2, 5
Suppose 4*c + 4581 = -3*o + 17849, c - 3*o - 3317 = 0. What are the prime factors of c?
31, 107
Let j = -3 + 12. Let t = j - 3. List the prime factors of t.
2, 3
Let p = -1783 + 2789. List the prime factors of p.
2, 503
Let d be 4/16 + (-54)/(-8). Let s(g) = 6*g + 5. Let q be s(d). Let h = q - 17. What are the prime factors of h?
2, 3, 5
Let v = -14 - 16. What are the prime factors of v/(56/(-12) + 4)?
3, 5
Let h(q) = -q**2 - 7*q - 6. Let t be 5*((-48)/10)/3. Let v be h(t). Let n = -4 - v. What are the prime factors of n?
2, 5
Let m be (-14)/(-49) + 6856/14. Suppose -3*q + 5*q + 5*k - 254 = 0, -4*q = k - m. What are the prime factors of q?
2, 61
Suppose -50 = -4*z + 2*h - h, 2*z + 2*h - 30 = 0. Suppose 5*p - 70 = 75. Suppose -6*g + p = -4*g + j, -j = -g + z. What are the prime factors of g?
2, 7
Let o = -2 - -6. Suppose o*f + f = 10. What are the prime factors of 172/8 - 1/f?
3, 7
Sup